{"id":806,"date":"2025-02-09T07:58:19","date_gmt":"2025-02-09T07:58:19","guid":{"rendered":"https:\/\/mghaugsdorf.at\/geschichte\/?page_id=806"},"modified":"2025-02-28T08:08:34","modified_gmt":"2025-02-28T08:08:34","slug":"vorwort","status":"publish","type":"page","link":"https:\/\/mghaugsdorf.at\/geschichte\/","title":{"rendered":"Vorwort"},"content":{"rendered":"\n<p>Die Geschichte unserer Gemeinde ist hervorragend dokumentiert in der Chronik der Marktgemeinde Haugsdorf, deren acht B\u00e4nde im Amtshaus zu erhalten sind.<\/p>\n\n\n\n<div class=\"wp-block-columns is-layout-flex wp-container-core-columns-is-layout-28f84493 wp-block-columns-is-layout-flex\">\n<div class=\"wp-block-column is-layout-flow wp-block-column-is-layout-flow\" style=\"flex-basis:66.66%\">\n<p>Der Fotobuch &#8222;Marktgemeinde Haugsdorf in Bildern&#8220; von Johann Sailer ist leider schon vergriffen, wird aber bei Bedarf nachgedruckt. Viele der darin enthaltenen Fotos, aber auch weitere aus seinem Archiv, befinden sich auf dieser Homepage.<\/p>\n<\/div>\n\n\n\n<div class=\"wp-block-column is-layout-flow wp-block-column-is-layout-flow\" style=\"flex-basis:33.33%\">\n<figure class=\"wp-block-image size-large\"><img loading=\"lazy\" decoding=\"async\" width=\"899\" height=\"1024\" src=\"https:\/\/mghaugsdorf.at\/geschichte\/wp-content\/uploads\/2025\/02\/Vati-mit-Fotobuch-1-899x1024.jpg\" alt=\"\" class=\"wp-image-817\" srcset=\"https:\/\/mghaugsdorf.at\/geschichte\/wp-content\/uploads\/2025\/02\/Vati-mit-Fotobuch-1-899x1024.jpg 899w, https:\/\/mghaugsdorf.at\/geschichte\/wp-content\/uploads\/2025\/02\/Vati-mit-Fotobuch-1-263x300.jpg 263w, https:\/\/mghaugsdorf.at\/geschichte\/wp-content\/uploads\/2025\/02\/Vati-mit-Fotobuch-1-768x874.jpg 768w, https:\/\/mghaugsdorf.at\/geschichte\/wp-content\/uploads\/2025\/02\/Vati-mit-Fotobuch-1-1349x1536.jpg 1349w, https:\/\/mghaugsdorf.at\/geschichte\/wp-content\/uploads\/2025\/02\/Vati-mit-Fotobuch-1.jpg 1790w\" sizes=\"auto, (max-width: 899px) 100vw, 899px\" \/><\/figure>\n<\/div>\n<\/div>\n\n\n\n<p>Die Geschichte einer Gemeinde besteht aber nicht nur aus historischen Fakten. Vielmehr sind es die Erinnerungen an die alten Zeiten, die Lebensgeschichten eines jeden einzelnen, die das \u201eDamals\u201c lebendig halten. Damit dies gelingen kann, ist es wichtig diese weiterzuerz\u00e4hlen und sich \u00fcber das Vergangene auszutauschen. Durch das Miteinanderreden werden Erinnerungen wieder wach. Wie war es damals? Was haben wir erlebt? <br>Diese &#8222;Lebensgeschichten&#8220; aus den Erz\u00e4hlrunden der letzten zwei Jahre sind auch hier zu finden.<\/p>\n\n\n\n<p>Weder die Bilder noch die Lebensgeschichten erheben den Anspruch auf Vollst\u00e4ndigkeit. Es ist eine Sammlung von all dem, was jetzt gerade zur Verf\u00fcgung steht. Es gibt aber sicher noch viele alte Bilder im Privatbesitz, die ebenfalls von \u00f6ffentlichem Interesse sind. Sollten Sie solche Fotos haben, w\u00e4re es hilfreich, wenn Sie diese zur Verf\u00fcgung stellen k\u00f6nnten. Ich werde die Aufnahmen scannen und nat\u00fcrlich dem Besitzer zur\u00fcckgeben. Auch Hintergrundinformationen zu diesen Bildern oder weitere Lebensgeschichten werden gerne angenommen und auf der Homepage erg\u00e4nzt.<\/p>\n\n\n\n<p>Fotos und Texte k\u00f6nnen Sie mir gerne per Mail schicken, in unseren Briefkasten werfen oder pers\u00f6nlich \u00fcbergeben. Scheuen Sie sich auch nicht, mich zu kontaktieren, wenn Sie Fehler bei den Eintr\u00e4gen entdeckt oder Erg\u00e4nzungen dazu haben. Vielen Dank f\u00fcr Ihre Mitarbeit!<\/p>\n\n\n\n<p>Petra Sch\u00f6llauf, Siedlung 38, 2054 Haugsdorf<\/p>\n\n\n\n<p>02944 \/ 26127, <a href=\"mailto:ps@eurosys.at\">ps@eurosys.at<\/a><\/p>\n","protected":false},"excerpt":{"rendered":"<p>Die Geschichte unserer Gemeinde ist hervorragend dokumentiert in der Chronik der Marktgemeinde Haugsdorf, deren acht B\u00e4nde im Amtshaus zu erhalten sind. Der Fotobuch &#8222;Marktgemeinde Haugsdorf in Bildern&#8220; von Johann Sailer ist leider schon vergriffen, wird aber bei Bedarf nachgedruckt. Viele der darin enthaltenen Fotos, aber auch weitere aus seinem Archiv, befinden sich auf dieser Homepage. [&hellip;]<\/p>\n","protected":false},"author":1,"featured_media":0,"parent":0,"menu_order":0,"comment_status":"closed","ping_status":"closed","template":"wp-custom-template-lebensgeschichten","meta":{"footnotes":""},"class_list":["post-806","page","type-page","status-publish","hentry"],"_links":{"self":[{"href":"https:\/\/mghaugsdorf.at\/geschichte\/index.php?rest_route=\/wp\/v2\/pages\/806","targetHints":{"allow":["GET"]}}],"collection":[{"href":"https:\/\/mghaugsdorf.at\/geschichte\/index.php?rest_route=\/wp\/v2\/pages"}],"about":[{"href":"https:\/\/mghaugsdorf.at\/geschichte\/index.php?rest_route=\/wp\/v2\/types\/page"}],"author":[{"embeddable":true,"href":"https:\/\/mghaugsdorf.at\/geschichte\/index.php?rest_route=\/wp\/v2\/users\/1"}],"replies":[{"embeddable":true,"href":"https:\/\/mghaugsdorf.at\/geschichte\/index.php?rest_route=%2Fwp%2Fv2%2Fcomments&post=806"}],"version-history":[{"count":7,"href":"https:\/\/mghaugsdorf.at\/geschichte\/index.php?rest_route=\/wp\/v2\/pages\/806\/revisions"}],"predecessor-version":[{"id":946,"href":"https:\/\/mghaugsdorf.at\/geschichte\/index.php?rest_route=\/wp\/v2\/pages\/806\/revisions\/946"}],"wp:attachment":[{"href":"https:\/\/mghaugsdorf.at\/geschichte\/index.php?rest_route=%2Fwp%2Fv2%2Fmedia&parent=806"}],"curies":[{"name":"wp","href":"https:\/\/api.w.org\/{rel}","templated":true}]}}