{"id":543,"date":"2025-02-02T18:02:35","date_gmt":"2025-02-02T18:02:35","guid":{"rendered":"https:\/\/mghaugsdorf.at\/geschichte\/?page_id=543"},"modified":"2025-02-06T20:22:58","modified_gmt":"2025-02-06T20:22:58","slug":"kriegs-und-besatzungszeit","status":"publish","type":"page","link":"https:\/\/mghaugsdorf.at\/geschichte\/?page_id=543","title":{"rendered":"Kriegs- und Besatzungszeit"},"content":{"rendered":"\n<p>In jeder Ortschaft wurden Panzersperren errichtet. In Haugsdorf versuchte man beim Sch\u00fcttkasten mit einer solchen Sperre die russischen Panzer aufzuhalten. In Auggenthal gab es eine etwas westlich von der Kapelle und in Jetzelsdorf ebenfalls vor dem Sch\u00fcttkasten. Mit B\u00e4umen aus dem Kaiserpark baute man auf jeder Stra\u00dfenseite in einem Abstand von ca. 3 m zwei Holzw\u00e4nde und f\u00fcllte den Zwischenraum mit Steinen, Sand und Erde aus. Als aber wirklich die russischen Panzer kamen, konnten sie m\u00fchelos diese Sperren aus dem Weg r\u00e4umen.<\/p>\n\n\n\n<p><\/p>\n","protected":false},"excerpt":{"rendered":"<p>In jeder Ortschaft wurden Panzersperren errichtet. In Haugsdorf versuchte man beim Sch\u00fcttkasten mit einer solchen Sperre die russischen Panzer aufzuhalten. In Auggenthal gab es eine etwas westlich von der Kapelle und in Jetzelsdorf ebenfalls vor dem Sch\u00fcttkasten. Mit B\u00e4umen aus dem Kaiserpark baute man auf jeder Stra\u00dfenseite in einem Abstand von ca. 3 m zwei [&hellip;]<\/p>\n","protected":false},"author":1,"featured_media":0,"parent":0,"menu_order":0,"comment_status":"closed","ping_status":"closed","template":"wp-custom-template-lebensgeschichten","meta":{"footnotes":""},"class_list":["post-543","page","type-page","status-publish","hentry"],"_links":{"self":[{"href":"https:\/\/mghaugsdorf.at\/geschichte\/index.php?rest_route=\/wp\/v2\/pages\/543","targetHints":{"allow":["GET"]}}],"collection":[{"href":"https:\/\/mghaugsdorf.at\/geschichte\/index.php?rest_route=\/wp\/v2\/pages"}],"about":[{"href":"https:\/\/mghaugsdorf.at\/geschichte\/index.php?rest_route=\/wp\/v2\/types\/page"}],"author":[{"embeddable":true,"href":"https:\/\/mghaugsdorf.at\/geschichte\/index.php?rest_route=\/wp\/v2\/users\/1"}],"replies":[{"embeddable":true,"href":"https:\/\/mghaugsdorf.at\/geschichte\/index.php?rest_route=%2Fwp%2Fv2%2Fcomments&post=543"}],"version-history":[{"count":2,"href":"https:\/\/mghaugsdorf.at\/geschichte\/index.php?rest_route=\/wp\/v2\/pages\/543\/revisions"}],"predecessor-version":[{"id":663,"href":"https:\/\/mghaugsdorf.at\/geschichte\/index.php?rest_route=\/wp\/v2\/pages\/543\/revisions\/663"}],"wp:attachment":[{"href":"https:\/\/mghaugsdorf.at\/geschichte\/index.php?rest_route=%2Fwp%2Fv2%2Fmedia&parent=543"}],"curies":[{"name":"wp","href":"https:\/\/api.w.org\/{rel}","templated":true}]}}