{"id":539,"date":"2025-02-02T17:49:05","date_gmt":"2025-02-02T17:49:05","guid":{"rendered":"https:\/\/mghaugsdorf.at\/geschichte\/?page_id=539"},"modified":"2025-02-07T13:19:49","modified_gmt":"2025-02-07T13:19:49","slug":"feste-und-feiern","status":"publish","type":"page","link":"https:\/\/mghaugsdorf.at\/geschichte\/?page_id=539","title":{"rendered":"Feste und Feiern"},"content":{"rendered":"\n<p>Der Kirtag wurde fr\u00fcher nicht gemeinsam gefeiert. Die &#8222;gro\u00dfen&#8220; Bauern trafen sich im Gasthaus J\u00fcttner, die \u00e4rmeren Leute im Brunnthaler-Wirtshaus in der Laaer Stra\u00dfe.<\/p>\n\n\n\n<p>Dass fr\u00fcher bei jedem Kirtag gerauft wurde, ist ja allgemein bekannt. Aber auch bei Ballveranstaltungen durfte eine Rauferei nicht fehlen. So wird berichtet, dass bei einem Ball im Gasthaus J\u00fcttner um Mitternacht ein Tisch umgeworfen wurde, und zwei Freunde, die den ganzen Abend friedlich beieinander gesessen waren, miteinander zu raufen begannen. Das Wirtshaus hatte bereits einen Telefonanschluss, und so rief der Wirt beim Gendarmerieposten an. Die diensthabenden Gendarmen lie\u00dfen sich aber Zeit, und als sie schlie\u00dflich beim J\u00fcttner auftauchten, war der &#8222;Streit&#8220; schon wieder beendet und alle sa\u00dfen friedlich bei einem Bier beisammen. So setzten sich auch die Gendarmen an die Schank und genossen ihren Gerstensaft.<\/p>\n\n\n\n<p><\/p>\n","protected":false},"excerpt":{"rendered":"<p>Der Kirtag wurde fr\u00fcher nicht gemeinsam gefeiert. Die &#8222;gro\u00dfen&#8220; Bauern trafen sich im Gasthaus J\u00fcttner, die \u00e4rmeren Leute im Brunnthaler-Wirtshaus in der Laaer Stra\u00dfe. Dass fr\u00fcher bei jedem Kirtag gerauft wurde, ist ja allgemein bekannt. Aber auch bei Ballveranstaltungen durfte eine Rauferei nicht fehlen. So wird berichtet, dass bei einem Ball im Gasthaus J\u00fcttner um [&hellip;]<\/p>\n","protected":false},"author":1,"featured_media":0,"parent":0,"menu_order":0,"comment_status":"closed","ping_status":"closed","template":"wp-custom-template-lebensgeschichten","meta":{"footnotes":""},"class_list":["post-539","page","type-page","status-publish","hentry"],"_links":{"self":[{"href":"https:\/\/mghaugsdorf.at\/geschichte\/index.php?rest_route=\/wp\/v2\/pages\/539","targetHints":{"allow":["GET"]}}],"collection":[{"href":"https:\/\/mghaugsdorf.at\/geschichte\/index.php?rest_route=\/wp\/v2\/pages"}],"about":[{"href":"https:\/\/mghaugsdorf.at\/geschichte\/index.php?rest_route=\/wp\/v2\/types\/page"}],"author":[{"embeddable":true,"href":"https:\/\/mghaugsdorf.at\/geschichte\/index.php?rest_route=\/wp\/v2\/users\/1"}],"replies":[{"embeddable":true,"href":"https:\/\/mghaugsdorf.at\/geschichte\/index.php?rest_route=%2Fwp%2Fv2%2Fcomments&post=539"}],"version-history":[{"count":4,"href":"https:\/\/mghaugsdorf.at\/geschichte\/index.php?rest_route=\/wp\/v2\/pages\/539\/revisions"}],"predecessor-version":[{"id":700,"href":"https:\/\/mghaugsdorf.at\/geschichte\/index.php?rest_route=\/wp\/v2\/pages\/539\/revisions\/700"}],"wp:attachment":[{"href":"https:\/\/mghaugsdorf.at\/geschichte\/index.php?rest_route=%2Fwp%2Fv2%2Fmedia&parent=539"}],"curies":[{"name":"wp","href":"https:\/\/api.w.org\/{rel}","templated":true}]}}